Let c be k(-1). What is the units digit of 55/((-1)/c*2)?
5
Let n = -29 + 34. Suppose 0 - n = -5*d. What is the units digit of d?
1
What is the thousands digit of ((-118)/590)/(1/(-6995))?
1
Let h(p) = 24*p - 9. Let s be h(10). Let z = -45 + 84. Suppose 0 = 5*u - s - z. What is the tens digit of u?
5
Let d = -7 + 75. Suppose -6*c - d = -338. What is the units digit of c?
5
Let i = 829 + -180. What is the units digit of i?
9
Suppose -5*j + 5015 = -2425. What is the thousands digit of j?
1
Suppose 230 = -5*v + 5*m, m - 3*m = -3*v - 143. Let q = -48 - v. What is the units digit of q?
3
Let q(p) = -2*p + 20. Let i be q(9). Suppose -j - i*j = -210. What is the tens digit of j?
7
Suppose -5*p = 410 - 1970. What is the units digit of p?
2
Let q = -36 - -19. Let y = q + 33. Let w = 6 + y. What is the units digit of w?
2
Suppose 11*d + 12308 = 15*d - 4*m, 5*d - 2*m = 15379. What is the tens digit of d?
7
Let b(z) = -9*z - 5*z - 9*z. Let d be b(6). What is the tens digit of (8/12)/((-4)/d)?
2
Let t(z) = 591*z**2 + 13*z - 14. What is the tens digit of t(1)?
9
Suppose -14190 = -2*o - 20*o. What is the tens digit of o?
4
Let d(a) = -a**3 - 3*a**2 + 4. Let s be d(-2). Suppose s = -5*z + 443 - 73. What is the units digit of z?
4
Suppose 4*x + 43 = 5*s, -x - 2 = -3*s + 7. Let d be 20/(x/(-3)) - 4. What is the tens digit of 4 + 49*1/d?
5
Let w(o) = -o**2 + o - 3. Let k be w(-3). Let r be (-9)/k - (-8)/20. What is the tens digit of 14 + (r - (0 + -2))?
1
Let q(d) = -7 - 1 - 1 + 14*d + 2*d. What is the tens digit of q(6)?
8
Suppose 3*a + 2*z - 252 = 0, -5*a + 2*z = -2*a - 252. Suppose v = 4*c - 49, -3*v + 5*v + 4*c = -98. Let w = a + v. What is the tens digit of w?
3
Suppose 0 = -2*a + 3*z + 6, -8*a + 4*z + 8 = -7*a. Suppose a = -3*m + 3*n + 369 - 144, -5*n = -m + 91. What is the tens digit of m?
7
Let s(r) = -13*r - 2. Let u(j) = 7*j + 1. Let t(w) = 4*s(w) + 7*u(w). Let l be t(-5). Let a = l - 10. What is the units digit of a?
4
Let z(i) = 2*i**3 + 2*i - 2. Suppose -17 = -3*b + 2*m - 3, 3*b + 5*m = -14. Let s be z(b). Let f = s + -7. What is the tens digit of f?
1
What is the hundreds digit of 32/(-72) - (-23583)/27?
8
Suppose 0 = -3*v + 2*q + 691, 5*v + 362 - 1515 = 4*q. What is the hundreds digit of v?
2
Let p = -986 + 1149. What is the hundreds digit of p?
1
Let v(z) be the first derivative of -z**2/2 + 34*z - 2. Let k = 482 - 497. What is the units digit of v(k)?
9
Suppose w + w = 0. Suppose 171 = 3*n + 3*h, -3*h - 47 = -n - 2*h. Suppose w*o - n = -4*o. What is the tens digit of o?
1
Suppose -5*a + u = 198, 3*a + 3*u + 55 = -53. Let w = -14 - a. What is the tens digit of w?
2
Let f(w) = -2*w + 11. Let g = -10 + 13. Suppose g*i + 3*y = -9, -2*i - 3*y + 2*y = 11. What is the tens digit of f(i)?
2
Let y(j) = -j**3 - j**2 + 5*j + 2. Let w be y(-3). Suppose -w*q - 48 = -8*q. Let k = 28 - q. What is the units digit of k?
2
Suppose 16 = -7*q + 9*q. Suppose 4*b = q, -27 - 17 = -3*t - b. What is the tens digit of 203/t + 1/2?
1
Suppose 4*d - m + 0*m = -132, 12 = 3*m. What is the units digit of -27*(d/(-12))/(-4)?
8
Let l(i) = 4*i**2 + 5*i + 10. Let v be l(-10). Suppose 12 = -5*c + 2, 2*n = 4*c + v. What is the units digit of n?
6
Let d = 2237 + -1300. What is the units digit of d?
7
Suppose 0 = -4*n + 6*n - 332. Suppose r - n = -j, 2*r - 5*j + 170 = 3*r. What is the hundreds digit of r?
1
Suppose -a = 2*a + 27. What is the units digit of 3/2*(-3)/a*10?
5
Let z(s) be the second derivative of -s**5/20 - s**4/12 + s**3/6 - 11*s. Let a be z(-2). Suppose a = -2*w, 3*p = 5*p + 2*w - 14. What is the units digit of p?
8
Let p = 60 + -90. Let l(n) = n**2 + 23*n + 31. What is the hundreds digit of l(p)?
2
Suppose -t + 4*x = 2*t + 45, 0 = -5*x. Let h be -5*(1 + (-153)/t). Let k = h + 99. What is the units digit of k?
3
Let m = 1022 - 695. What is the units digit of m?
7
Let g = 363 + 3018. What is the hundreds digit of g?
3
Let j(s) = s**3 - 6*s**2 - s - 2. Let q(c) = -c + 11. Let u be q(5). Let n be j(u). What is the units digit of 1/(-3 - 26/n)?
4
Suppose -655 = 17*b - 3375. What is the units digit of b?
0
Let i be 124/(-7) + (-2)/7. Let b be 194/12 + 3/i. Suppose -3*h + b = 2*f - h, 4*h - 2 = 2*f. What is the units digit of f?
5
Let u be 1/(-4) - 650/(-8). Let l(p) = -p**3 - 2*p**2 + 27*p - 5. Let g be l(5). Let h = u + g. What is the units digit of h?
6
Let v = -160 - -591. What is the hundreds digit of v?
4
Let f(u) = -4*u**3 - 5*u**2 + 2*u - 5. Let z be f(3). Let x be z/57*(-234)/(-4). Let l = x - -227. What is the units digit of l?
1
What is the units digit of (5 + -4 + 2 + -2)*1409?
9
Suppose 0*w - 4*z - 76 = -4*w, z = 5*w - 87. Suppose 0 = 15*n - w*n + 176. What is the tens digit of n?
8
Let i = -534 - -1206. What is the hundreds digit of i?
6
Let a = -204 - -90. Let g = -13 - a. What is the units digit of g?
1
Suppose -13*l - 1822 = -14*l + 3*k, -5*k - 3647 = -2*l. What is the hundreds digit of l?
8
Let r = 550 + 699. What is the thousands digit of r?
1
Suppose 7*b - 2*b + 25 = 5*d, 2*b = 3*d - 11. Let r be b/6 + 118/6. Let j = r - 12. What is the units digit of j?
7
Suppose 20 = -p + 6*p. Let f = p + -4. Suppose 14 = h - f*h. What is the tens digit of h?
1
Let m = 1057 - 606. What is the units digit of m?
1
Suppose u - 11 = -8. Suppose -m = 3*m + 5*f + 9, 2*f + 22 = u*m. Suppose g + 6 = s + 23, m*g - 3*s - 68 = 0. What is the tens digit of g?
1
Suppose -3*b + 1232 = -5*y, 816 = 2*b - 6*y + 4*y. What is the units digit of b?
4
Let g(c) = -37*c**3 + 1. Let n be g(-1). Let f = 157 - n. Suppose f = 3*d + 29. What is the units digit of d?
0
Suppose -9979 = 25*h - 42*h. What is the hundreds digit of h?
5
Let q = -11 + 16. Let m be (5 - 37)/((-2)/q). What is the tens digit of (-16)/(-12) + m/3?
2
Suppose 0 = -4*o + 134 + 6. Suppose o*x - 1500 = 29*x. What is the units digit of x?
0
Suppose 0 = 4*y - 5*a - 83, -y + 2*a + 14 = 3*a. Suppose 15*w - y*w = -136. Suppose 3*n = -4*k + k + 216, 3*n = k - w. What is the units digit of k?
1
Let o = -534 + 1194. Suppose o = -2*t + z - 3*z, 2*t - 5*z = -660. What is the tens digit of (-10)/(-35) - t/21?
1
Suppose -5*r - 6 = 14. Let p = -18 - r. Let y = 27 + p. What is the units digit of y?
3
Let f(o) = 10*o**2 + 8*o - 1. What is the units digit of f(-14)?
7
Let q(k) = k + 1. Let t be q(1). Let u be 6/((-3 + t)*1). What is the units digit of (-4)/((-2)/u*-2)?
6
Suppose -2*o + 3*u + 4 = 0, -5*o = -o + 3*u + 10. What is the tens digit of (-261)/(-6) - (o/2)/1?
4
Suppose -5*u + 5*i = -4*u - 532, -2708 = -5*u + i. What is the hundreds digit of u?
5
Let b be ((-3)/(-6) + 0)/(2/20). Suppose b*t = -2*t + 679. What is the tens digit of t?
9
Let d(i) = -86*i - 179. What is the tens digit of d(-15)?
1
Let i = 447 - -381. What is the units digit of i?
8
Let a = -4032 + 5649. What is the units digit of a?
7
Let y(t) = -t**2 - 20. Let o be y(0). Let d = o - -13. Let u(s) = -s**2 - 11*s - 8. What is the tens digit of u(d)?
2
Let o(b) = b**2 - 5*b - 16. Let r be o(7). Let z(v) = 20*v**2 + 2*v + 5. What is the units digit of z(r)?
1
Let u = -5 + 7. Let x be (-2 + 1)/(u/(-26)). What is the tens digit of (0 + 9)*x/3?
3
Let g(l) = -73*l. Let p be g(1). What is the tens digit of 0/(5 + -3) - p?
7
Suppose -4*d - 25*d + 17139 = 0. What is the hundreds digit of d?
5
Suppose -5*d = 6 - 41. Suppose 3 - d = -2*a. What is the units digit of ((a - -1) + -30)/(-1)?
7
Suppose 0 = -5*k - 24 - 16. What is the units digit of (8/(-14))/(k/28)?
2
Suppose 2*n + 3*h = 8, -5*n = -4*h + 3*h - 20. Suppose -n*w + 5*d + 919 = 0, 0 = 4*w - d - 0*d - 939. What is the units digit of w?
6
What is the tens digit of (8 - (-202)/(-4))*-6?
5
What is the hundreds digit of 5/(25/2078) + (-18)/30?
4
Suppose 2*m - 842 = -3*y, -5*m + 2*y = -0*m - 2105. What is the tens digit of m?
2
Let w = 663 + -48. What is the units digit of w?
5
Let t = 15 + -5. Let r be (0 - t)*(-16)/32. Suppose -r*n + n = -68. What is the units digit of n?
7
Let y(s) = -s**2 + 28*s - 7. What is the units digit of y(5)?
8
Suppose 3*d + 4 = -11. Let q be (6/15)/((-1)/d). What is the units digit of q/10 + (-228)/(-10)?
3
Suppose -5*r - 1120 = -22010. What is the tens digit of r?
7
Suppose 5*v = -d + 5320, 2*v + 72*d - 69*d - 2128 = 0. What is the units digit of v?
4
Let z(s) = 16*s**2 + s - 3. What is the hundreds d